 + 729025. What is c(-4)?
-51
Let t(o) = 30*o**3 - 17*o**2 + 82*o. What is t(4)?
1976
Let h(q) = q**3 - 594*q**2 - 2141*q + 208955. What is h(597)?
5
Let r(z) = 1425*z - 1377987. Calculate r(967).
-12
Let g(a) = -10*a + 1831. What is g(200)?
-169
Let p(u) = -2928*u**2 + 1862206*u + 1235. Determine p(636).
-37
Let o(k) = 29516*k + 88486. Calculate o(-3).
-62
Let v(t) = t**3 + 676*t**2 + 7365*t + 33263. Give v(-665).
13
Let z(g) = g**2 + 139*g + 1399. Give z(-121).
-779
Let b(j) = -22*j**2 - 1257*j + 1289. Calculate b(-58).
187
Let n(b) = -1473*b - 4415. What is n(-3)?
4
Let o(y) = 4*y**2 + 411*y + 9903. Determine o(-38).
61
Let g(t) = -t**3 + 7*t**2 + 803*t + 596. Calculate g(-25).
521
Let y(l) = -18321*l + 476352. What is y(26)?
6
Let i(s) = 2*s**3 - 125*s**2 + 1279*s - 58714. What is i(60)?
26
Let q(x) = 2*x**2 - 215*x + 2216. Determine q(10).
266
Let l(y) = y**3 - 46*y**2 + 268*y - 2548. Give l(41).
35
Let r(l) = l**3 - 96*l**2 + 136*l + 109. Determine r(2).
5
Let u(o) = 2*o**2 + 527*o + 42. Give u(0).
42
Let f(v) = -v**2 - 952*v + 37293. Give f(37).
700
Let m(l) = 1674*l + 46605. What is m(-28)?
-267
Let k(w) = -2326849*w + 9307391. Calculate k(4).
-5
Let l(m) = 2*m**3 - 84*m**2 - 460*m - 344. Calculate l(47).
126
Let x(j) = 43*j**2 - 2598*j - 1540. Give x(61).
-15
Let j(b) = 2*b**3 + 662*b**2 + 6387*b - 316. What is j(-10)?
14
Let v(d) = -9*d**3 + d**2 + 1109*d - 6677. What is v(6)?
-1931
Let w(v) = 1788*v - 77314. What is w(43)?
-430
Let c(d) = -d**3 - 2*d**2 + 3882*d - 23256. Determine c(6).
-252
Let x(f) = -f**3 + 19*f**2 + 100*f - 90. Determine x(26).
-2222
Let u(y) = -1825*y - 76644. Calculate u(-42).
6
Let j(z) = 71*z**2 + 2417*z + 85. What is j(-34)?
-17
Let p(n) = -n**3 - 108*n**2 + 2998*n - 1836. What is p(-131)?
129
Let a(d) = -3*d**3 + 36*d**2 - 171*d - 71. Give a(13).
-2801
Let s(y) = 1235*y + 34441. What is s(-28)?
-139
Let v(y) = 5518*y**2 - 22068*y - 1. What is v(4)?
15
Let g(s) = -4*s**3 + 220*s**2 + 2320*s - 127589. Give g(55).
11
Let j(w) = 149*w**2 + 22*w - 26. Calculate j(1).
145
Let r(t) = 2944*t - 306191. Determine r(104).
-15
Let i(v) = 3*v + 432. Give i(-29).
345
Let b(f) = 1868*f + 382935. What is b(-205)?
-5
Let o(u) = u**2 + 1051*u + 19. Determine o(0).
19
Let c(z) = 186*z - 4029. Give c(22).
63
Let z(y) = -189*y + 16704. Give z(89).
-117
Let m(c) = -4001*c - 728346. Calculate m(-182).
-164
Let d(s) = -42*s**2 - 343*s + 1220. Give d(-11).
-89
Let o(v) = v**3 + 24*v**2 + 78*v - 471. Give o(-9).
42
Let x(w) = -34406*w + 275248. What is x(8)?
0
Let n(p) = -14840*p + 148380. What is n(10)?
-20
Let g(k) = 245665*k + 4176303. Calculate g(-17).
-2
Let y(k) = -354*k**2 + 246030*k - 2. Determine y(695).
-2
Let d(r) = 2*r**3 - 433*r**2 - 161*r - 11937. Give d(217).
215
Let y(a) = -a**3 + 58*a**2 - 11*a - 319. Calculate y(57).
2303
Let f(x) = 252*x**2 + 9072*x - 19. Determine f(-36).
-19
Let w(n) = -82*n**2 - 2622*n - 74. Calculate w(-32).
-138
Let m(g) = 911*g + 86747. Determine m(-95).
202
Let g(u) = u**2 + 35207*u - 1904212. Give g(54).
-118
Let j(k) = 4546*k - 72901. Give j(16).
-165
Let s(y) = y**3 + 18*y**2 + 35*y + 668. Determine s(-17).
362
Let n(w) = -739*w - 292647. Calculate n(-396).
-3
Let z(s) = -2*s**2 - 3065*s + 285219. Determine z(88).
11
Let k(v) = 26*v**2 + 83*v - 3335. Determine k(-13).
-20
Let x(z) = -2*z**2 - 580*z + 55138. What is x(76)?
-494
Let z(n) = 2*n**3 + 635*n**2 + 35352*n - 44. Give z(-72).
-44
Let n(b) = -4160*b**2 + 3257*b - 3257. Give n(1).
-4160
Let d(h) = 468*h + 30476. Give d(-70).
-2284
Let l(a) = -54*a**2 - 1823*a + 4356. Determine l(-36).
0
Let g(j) = 165530*j - 165503. What is g(1)?
27
Let h(o) = -3*o**2 - 6*o + 1017. Calculate h(26).
-1167
Let s(t) = t**3 - 335*t**2 + 126*t - 42217. What is s(335)?
-7
Let c(d) = 275*d + 33285. Determine c(-121).
10
Let g(k) = -6*k**3 + 149*k**2 + 37*k + 204. Calculate g(25).
504
Let x(l) = l**3 - 23*l**2 + 735*l - 24578. Determine x(28).
-78
Let d(g) = 460*g - 40795. Determine d(89).
145
Let d(h) = 15*h**3 - 75*h**2 - 20808*h + 104043. Calculate d(5).
3
Let y(a) = 33*a + 317. Determine y(-6).
119
Let g(t) = -122*t - 6406. Calculate g(-44).
-1038
Let v(i) = -12*i**2 + 1784*i - 8895. What is v(5)?
-275
Let t(i) = 361*i - 45679. Give t(128).
529
Let r(i) = -i**3 - 48*i**2 + 434*i + 14355. Determine r(-51).
24
Let k(d) = -d**3 + 1867*d**2 - 7394*d + 13804597. Determine k(1867).
-1
Let l(r) = r**3 + r**2 + 30*r - 234. Give l(10).
1166
Let x(f) = 29*f**3 + 173*f**2 - 1500*f - 8943. Determine x(-6).
21
Let m(k) = -k**3 - 19*k**2 - 32*k + 547. What is m(-13)?
-51
Let m(h) = 2*h**3 + 44*h**2 + 502*h + 9840. What is m(-21)?
180
Let l(c) = -c**3 - 225*c**2 + 9693*c - 302. Calculate l(-262).
-40
Let s(a) = 81*a**2 + 735*a + 1242. What is s(-2)?
96
Let n(s) = s**3 - 61*s**2 + 268*s + 2474. Calculate n(55).
-936
Let f(r) = 8*r**3 + 164*r**2 - 78*r + 112. Determine f(-21).
-14
Let t(d) = 356747*d + 8205185. What is t(-23)?
4
Let x(n) = 924*n - 67057. Determine x(74).
1319
Let m(b) = 3*b**2 - 365*b - 24609. Give m(170).
41
Let u(f) = 387*f**2 + 16255*f + 39. What is u(-42)?
-3
Let w(r) = r**3 - 29*r**2 - 73*r + 273. Calculate w(-6).
-549
Let x(q) = -9*q**2 + 4843*q + 450629. Give x(619).
-3
Let k(q) = -1340*q**2 + 1336*q + 2. Determine k(1).
-2
Let g(u) = -u**3 + 90*u**2 + 1108*u + 78. What is g(-11)?
111
Let a(o) = -252591*o + 1010515. What is a(4)?
151
Let h(v) = 34391*v - 21184852. Give h(616).
4
Let q(n) = -n**3 - 176*n**2 - 2759*n - 626247. What is q(-180)?
-27
Let x(i) = i**3 + 461*i**2 + 20905*i - 266. Determine x(-51).
-11
Let r(h) = 26*h**3 + 701*h**2 - 146*h - 3196. Determine r(-27).
17
Let m(t) = 23*t - 64. What is m(10)?
166
Let x(f) = f**3 - 177*f**2 + 188*f - 1806. What is x(176)?
306
Let i(l) = -31810*l - 604418. What is i(-19)?
-28
Let q(h) = h**3 - 258*h**2 - 527*h + 1866. What is q(260)?
46
Let l(h) = -h**3 + 38*h**2 - 303*h + 9834. Give l(37).
-8
Let h(r) = -3*r**2 + 13087*r + 91712. Give h(-7).
-44
Let n(w) = -2*w**2 + 263784*w - 21. What is n(0)?
-21
Let d(a) = -228*a + 66523. Determine d(292).
-53
Let o(c) = 2136*c**2 - 32*c + 16. Calculate o(0).
16
Let f(r) = -r**3 - 30*r**2 - 117*r + 7. Give f(-22).
-1291
Let v(x) = x**3 - 211*x**2 - 2738*x + 619072. Give v(210).
-8
Let c(w) = 5070*w**2 - 223069*w - 100. Calculate c(44).
384
Let b(f) = 17*f**2 - 2002*f + 6006. Calculate b(3).
153
Let f(k) = -k**2 - 139*k + 77198. What is f(-356)?
-54
Let g(l) = 2*l**2 - 642*l - 11719. What is g(-18)?
485
Let d(q) = 71*q**3 + 345*q**2 - 52*q + 2. Calculate d(-5).
12
Let s(m) = 6*m**2 + 82*m - 1185. Calculate s(11).
443
Let d(u) = u**3 - 20*u**2 + 64732*u - 969838. What is d(15)?
17
Let g(h) = -h**2 - 368*h + 134249. Calculate g(226).
5
Let u(y) = 12282*y**2 + 208792*y - 34. Determine u(-17).
0
Let x(z) = -33256*z + 166592. Determine x(5).
312
Let g(b) = -5*b**3 - 84*b**2 - 23*b - 156. Give g(-16).
-812
Let s(x) = 11*x**3 - 81*x**2 + 81*x - 207. Give s(6).
-261
Let y(t) = t**3 + 53*t**2 + 261*t + 167. Calculate y(-5).
62
Let n(l) = -6244*l + 149788. Calculate n(24).
-68
Let z(q) = -1783*q - 49528. Give z(-27).
-1387
Let f(t) = 4*t**3 + 148*t**2 - 1052*t - 1. Determine f(-43).
859
Let m(b) = b**3 + 65*b**2 + 1213*b + 19055. Determine m(-48).
-1
Let i(d) = -18*d**3 - d**2 - 19*d - 2138. Calculate i(0).
-2138
Let j(l) = 21*l**2 + 254*l - 279. Give j(-13).
-32
Let w(k) = -k**3 - 404*k**2 + 1186*k - 14682. Calculate w(-407).
-437
Let u(i) = 231*i**2 - 20991*i - 2733. What is u(91)?
-3
Let h(k) = -10043*k + 3233851. Give h(322).
5
Let h(l) = -35334*l - 2. Give h(0).
-2
Let q(x) = -x**3 + 13*x**2 - 26615*x + 292490. Calculate q(11).
-33
Let v(x) = 31*x**2 + 1614*x + 9797. Give v(-6).
1229
Let m(a) = -1015*a - 16121. Calculate m(-16).
119
Let v(k) = -27919*k - 110297. What is v(-4)?
1379
Let n(s) = 2666*s + 32002. Determine n(-12).
10
Let w(h) = -6*h**3 - 6*h**2 - 20*h - 301. Calculate w(-7).
1603
Let u(g) = 2987*g - 26879. What is u(9)?
4
Let s(z) = -16*z**2 - 109*z + 378. Determine s(2).
96
Let n(s) = s**3 - 52*s**2 + 693*s - 376. Give n(26).
66
Let d(f) = -6*f - 195. What is d(22)?
-327
Let k(n) = -3*n**3 + 48*n**2 + 278*n - 87. Determine k(19).
1946
Let p(h) = 5*h**2 + 1072*h - 6529. Determine p(6).
83
Let q(l) = -23498*l - 398904. Calculate q(-17).
562
Let z